e number?
True
Is 369247 composite?
False
Is 71367 prime?
False
Is 148133 prime?
False
Is 15253 composite?
True
Is 13033 a prime number?
True
Is 8665 composite?
True
Is 75871 a composite number?
True
Is 723 composite?
True
Is 17183 prime?
True
Is 17947 a composite number?
True
Is 43093 a prime number?
True
Is 3663377 a prime number?
True
Is 840053 a prime number?
True
Is 32741 prime?
False
Is 182227 a composite number?
True
Is 82171 a composite number?
False
Is 5539 composite?
True
Is 517469 a prime number?
True
Is 37819 a prime number?
False
Is 28109 prime?
True
Is 376498 a composite number?
True
Is 80141 prime?
True
Is 7509 a prime number?
False
Is 541 a prime number?
True
Is 8654 a composite number?
True
Is 90353 a prime number?
True
Is 20733 a composite number?
True
Is 51771 a composite number?
True
Is 730451 a composite number?
False
Is 38501 prime?
True
Is 1338557 a prime number?
False
Is 259887 a composite number?
True
Is 1138483 a prime number?
True
Is 1039 a composite number?
False
Is 82961 prime?
False
Is 1047961 a prime number?
True
Is 29083 a prime number?
False
Is 238319 a composite number?
True
Is 196139 composite?
False
Is 39002 a prime number?
False
Is 31667 a composite number?
False
Is 30445 prime?
False
Is 3163 composite?
False
Is 2028749 a prime number?
True
Is 142583 a composite number?
True
Is 4187 a prime number?
False
Is 237959 composite?
False
Is 93091 prime?
False
Is 46339 prime?
False
Is 2777 a composite number?
False
Is 8223 a composite number?
True
Is 4835 prime?
False
Is 7230173 composite?
False
Is 37691 a composite number?
False
Is 23623 composite?
False
Is 53477 a prime number?
False
Is 134861 a composite number?
True
Is 22147 a composite number?
False
Is 835717 a prime number?
True
Is 1081 prime?
False
Is 19561 a composite number?
True
Is 1931 a prime number?
True
Is 8923 prime?
True
Is 256198 composite?
True
Is 432911 a prime number?
False
Is 38881 composite?
True
Is 47341 prime?
False
Is 613781 composite?
True
Is 292421 a composite number?
True
Is 207433 prime?
True
Is 13798 a composite number?
True
Is 99326 composite?
True
Is 67679 a prime number?
True
Is 334571 composite?
True
Is 351649 prime?
False
Is 437111 composite?
False
Is 1261 prime?
False
Is 25439 composite?
False
Is 307237 prime?
False
Is 368113 a composite number?
True
Is 156941 a prime number?
True
Is 32173 a composite number?
False
Is 1084835 composite?
True
Is 810847 prime?
False
Is 38347 prime?
False
Is 1854563 a prime number?
True
Is 44771 a composite number?
False
Is 274711 a composite number?
False
Is 92798 composite?
True
Is 315517 a prime number?
True
Is 115873 prime?
True
Is 9527 a composite number?
True
Is 100613 composite?
False
Is 26737 prime?
True
Is 153613 prime?
False
Is 66329 a prime number?
False
Is 31063 composite?
False
Is 426997 prime?
True
Is 96953 composite?
False
Is 430453 a composite number?
False
Is 2414099 a prime number?
True
Is 404939 composite?
True
Is 1745969 composite?
False
Is 11239 a prime number?
True
Is 3079 prime?
True
Is 269023 prime?
True
Is 42905 prime?
False
Is 150614 prime?
False
Is 47041 composite?
False
Is 5987 a composite number?
False
Is 127913 prime?
True
Is 1217 a composite number?
False
Is 105071 composite?
False
Is 368707 a prime number?
False
Is 6887 a composite number?
True
Is 157721 prime?
True
Is 25945 composite?
True
Is 9601 composite?
False
Is 855821 prime?
True
Is 9001 a prime number?
True
Is 162363 a prime number?
False
Is 107918 a composite number?
True
Is 41381 a composite number?
False
Is 7807 prime?
False
Is 903209 prime?
False
Is 137551 prime?
False
Is 12611 a composite number?
False
Is 13829 a prime number?
True
Is 92821 a prime number?
True
Is 531457 a prime number?
True
Is 5433 a prime number?
False
Is 1760437 prime?
False
Is 125213 a prime number?
False
Is 33851 a composite number?
False
Is 5381 a prime number?
True
Is 221899 a composite number?
True
Is 369193 prime?
False
Is 136985 a composite number?
True
Is 9566 a composite number?
True
Is 388073 a prime number?
False
Is 1937 prime?
False
Is 119398 prime?
False
Is 1362877 a prime number?
False
Is 233009 a composite number?
True
Is 2874943 prime?
False
Is 136193 a prime number?
True
Is 231269 a prime number?
True
Is 24319 prime?
False
Is 1898417 prime?
True
Is 31007 prime?
False
Is 214763 prime?
True
Is 147391 a composite number?
False
Is 6247 prime?
True
Is 352181 a composite number?
False
Is 58389 prime?
False
Is 613 a prime number?
True
Is 261601 a prime number?
True
Is 6607 a prime number?
True
Is 6787 a prime number?
False
Is 5129 a prime number?
False
Is 169427 composite?
False
Is 249217 a prime number?
True
Is 220529 prime?
True
Is 305063 a prime number?
False
Is 5447193 composite?
True
Is 12889 composite?
False
Is 97177 a prime number?
True
Is 58651 a prime number?
False
Is 853949 a composite number?
False
Is 27019 a prime number?
False
Is 1733 composite?
False
Is 4507 a composite number?
False
Is 7985 prime?
False
Is 382397 a composite number?
True
Is 348287 composite?
False
Is 511723 a prime number?
True
Is 1332259 a composite number?
True
Is 1958791 composite?
True
Is 49739 prime?
True
Is 1910147 prime?
True
Is 395201 a composite number?
False
Is 159977 a prime number?
True
Is 1094881 prime?
True
Is 5594465 prime?
False
Is 8859 composite?
True
Is 20777 prime?
False
Is 13645 a composite number?
True
Is 8431 prime?
True
Is 29987 a composite number?
True
Is 4496543 a composite number?
False
Is 50695 a composite number?
True
Is 112071 prime?
False
Is 32993 a prime number?
True
Is 27847 a prime number?
True
Is 618319 composite?
True
Is 550769 a composite number?
True
Is 120947 composite?
False
Is 37951 composite?
False
Is 9934 composite?
True
Is 27821 a composite number?
True
Is 134297 a composite number?
True
Is 156941 a composite number?
False
Is 67 prime?
True
Is 184367 composite?
True
Is 24305 a prime number?
False
Is 31429 composite?
True
Is 38659 a prime number?
False
Is 1699183 a prime number?
False
Is 66337 composite?
False
Is 1426339 prime?
False
Is 186451 composite?
False
Is 33707 a prime number?
False
Is 2321318 a composite number?
True
Is 3834787 a composite number?
True
Is 13517 a composite number?
True
Is 233 composite?
False
Is 1464707 a composite number?
True
Is 55997 a composite number?
False
Is 924701 a composite number?
True
Is 863 a composite number?
False
Is 35549 composite?
True
Is 4985597 composite?
False
Is 2965 a composite number?
True
Is 5582 a composite number?
True
Is 176731 a prime number?
False
Is 1692407 prime?
True
Is 735061 prime?
True
Is 1463971 composite?
False
Is 31991 prime?
True
Is 48553 composite?
True
Is 76301 a composite number?
True
Is 618407 a prime number?
True
Is 88547 composite?
False
Is 21662 a prime number?
False
Is 12889 composite?
False
Is 14123 a composite number?
True
Is 21341 prime?
True
Is 91477 prime?
False
Is 203789 composite?
False
Is 15031 composite?
False
Is 475309 a composite number?
True
Is 3433 prime?
True
Is 1023941 a prime number?
True
Is 541 composite?
False
Is 291491 composite?
False
Is 31235 composite?
True
Is 1237163 prime?
True
Is 287173 a composite number?
False
Is 2883247 prime?
False
Is 10033 composite?
True
Is 6899 prime?
True
Is 4411 composite?
True
Is 22247 a composite number?
False
Is 517991 a prime number?
True
Is 147997 a composite number?
False
Is 8683 a composite number?
True
Is 5471 prime?
True
Is 78829 a composite number?
True
Is 749181 prime?
False
Is 19535 a composite number?
True
Is 647 composite?
False
Is 65677 composite?
False
Is 3163 a prime number?
True
Is 784171 a composite number?
False
Is 105959 a composite number?
True
Is 17899 a composite number?
True
Is 16741 prime?
True
Is 307727 a composite number?
True
Is 12283 a prime number?
False
Is 121523 composite?
False
Is 256831 a composite number?
False
Is 11303 composite?
True
Is 4727 a composite number?
True
Is 415931 composite?
False
Is 307969 a composite number?
False
Is 100783 prime?
False
Is 3761 a prime number?
True
Is 1399 prime?
True
Is 25021 prime?
False
Is 139031 a prime number?
False
Is 443855 prime?
False
Is 31307 a composite number?
False
Is 454351 a prime number?
True
Is 2407 a composite number?
True
Is 2469301 prime?
False
Is 29723 prime?
True
Is 57131 a prime number